{"id":216,"date":"2024-06-05T07:52:55","date_gmt":"2024-06-05T07:52:55","guid":{"rendered":"https:\/\/www.vis-tourism.com\/hike\/komiza-sv-blaz-dragodid-rt-barjaci\/"},"modified":"2024-10-03T14:24:34","modified_gmt":"2024-10-03T14:24:34","slug":"komiza-sv-blaz-dragodid-rt-barjaci","status":"publish","type":"hike","link":"https:\/\/www.vis-tourism.com\/hr\/pjesacenje\/komiza-sv-blaz-dragodid-rt-barjaci\/","title":{"rendered":"KOMI\u017dA \u2013 SV.BLA\u017d \u2013 DRAGODID \u2013 RT BARJACI"},"content":{"rendered":"<p>Staza po\u010dinje kao staza 15. Nakon ra\u010dvanja desno je staza za Oklju\u010dnu, a na\u0161a staza vodi lijevo gore do prijevoja na kojem je kapelica sv.Bla\u017ea.<\/p>\n<p>Nastavlja dalje do udoline gdje se spaja na makadamsku cestu. Cestom gore u zavojima do prijevoja na kojem je veliko pro\u0161irenje. S pro\u0161irenja jedna staza vodi sjeverozapadno u selo Dragodid, a na\u0161a staza vodi zapadno do vinograda pokraj suhozida koji ome\u0111uje vinograd do cisterne s vodom.<br \/>\nDalje zapadno, djelomi\u010dno po suhozidu i po dobro vidljivoj stazi u stalno spustu do napu\u0161tene vojarne. Od vojarne dolje starom makadamskom cestom do uvale s betonskom rivom (Barja\u0161ka uvala) i dalje do rta Barjaci na kojem se mogu vidjeti uni\u0161tena topovska gnijezda.<\/p>\n","protected":false},"featured_media":0,"template":"","class_list":["post-216","hike","type-hike","status-publish","hentry"],"yoast_head":"<!-- This site is optimized with the Yoast SEO plugin v27.4 - https:\/\/yoast.com\/product\/yoast-seo-wordpress\/ -->\n<title>KOMI\u017dA \u2013 SV.BLA\u017d \u2013 DRAGODID \u2013 RT BARJACI - Turisti\u010dka zajednica grada Visa<\/title>\n<meta name=\"description\" content=\"KOMI\u017dA \u2013 SV.BLA\u017d \u2013 DRAGODID \u2013 RT BARJACI\" \/>\n<meta name=\"robots\" content=\"index, follow, max-snippet:-1, max-image-preview:large, max-video-preview:-1\" \/>\n<link rel=\"canonical\" href=\"https:\/\/www.vis-tourism.com\/hr\/pjesacenje\/komiza-sv-blaz-dragodid-rt-barjaci\/\" \/>\n<meta property=\"og:locale\" content=\"hr_HR\" \/>\n<meta property=\"og:type\" content=\"article\" \/>\n<meta property=\"og:title\" content=\"KOMI\u017dA \u2013 SV.BLA\u017d \u2013 DRAGODID \u2013 RT BARJACI - Turisti\u010dka zajednica grada Visa\" \/>\n<meta property=\"og:description\" content=\"KOMI\u017dA \u2013 SV.BLA\u017d \u2013 DRAGODID \u2013 RT BARJACI\" \/>\n<meta property=\"og:url\" content=\"https:\/\/www.vis-tourism.com\/hr\/pjesacenje\/komiza-sv-blaz-dragodid-rt-barjaci\/\" \/>\n<meta property=\"og:site_name\" content=\"Turisti\u010dka zajednica grada Visa\" \/>\n<meta property=\"article:publisher\" content=\"https:\/\/www.facebook.com\/tzgvis\/\" \/>\n<meta property=\"article:modified_time\" content=\"2024-10-03T14:24:34+00:00\" \/>\n<meta property=\"og:image\" content=\"https:\/\/www.vis-tourism.com\/wp-content\/uploads\/2024\/07\/slider-vis.jpeg\" \/>\n\t<meta property=\"og:image:width\" content=\"1280\" \/>\n\t<meta property=\"og:image:height\" content=\"851\" \/>\n\t<meta property=\"og:image:type\" content=\"image\/jpeg\" \/>\n<meta name=\"twitter:card\" content=\"summary_large_image\" \/>\n<meta name=\"twitter:label1\" content=\"Procijenjeno vrijeme \u010ditanja\" \/>\n\t<meta name=\"twitter:data1\" content=\"1 minuta\" \/>\n<script type=\"application\/ld+json\" class=\"yoast-schema-graph\">{\"@context\":\"https:\\\/\\\/schema.org\",\"@graph\":[{\"@type\":\"WebPage\",\"@id\":\"https:\\\/\\\/www.vis-tourism.com\\\/hr\\\/pjesacenje\\\/komiza-sv-blaz-dragodid-rt-barjaci\\\/\",\"url\":\"https:\\\/\\\/www.vis-tourism.com\\\/hr\\\/pjesacenje\\\/komiza-sv-blaz-dragodid-rt-barjaci\\\/\",\"name\":\"KOMI\u017dA \u2013 SV.BLA\u017d \u2013 DRAGODID \u2013 RT BARJACI - Turisti\u010dka zajednica grada Visa\",\"isPartOf\":{\"@id\":\"https:\\\/\\\/www.vis-tourism.com\\\/hr\\\/#website\"},\"datePublished\":\"2024-06-05T07:52:55+00:00\",\"dateModified\":\"2024-10-03T14:24:34+00:00\",\"description\":\"KOMI\u017dA \u2013 SV.BLA\u017d \u2013 DRAGODID \u2013 RT BARJACI\",\"breadcrumb\":{\"@id\":\"https:\\\/\\\/www.vis-tourism.com\\\/hr\\\/pjesacenje\\\/komiza-sv-blaz-dragodid-rt-barjaci\\\/#breadcrumb\"},\"inLanguage\":\"hr\",\"potentialAction\":[{\"@type\":\"ReadAction\",\"target\":[\"https:\\\/\\\/www.vis-tourism.com\\\/hr\\\/pjesacenje\\\/komiza-sv-blaz-dragodid-rt-barjaci\\\/\"]}]},{\"@type\":\"BreadcrumbList\",\"@id\":\"https:\\\/\\\/www.vis-tourism.com\\\/hr\\\/pjesacenje\\\/komiza-sv-blaz-dragodid-rt-barjaci\\\/#breadcrumb\",\"itemListElement\":[{\"@type\":\"ListItem\",\"position\":1,\"name\":\"Home\",\"item\":\"https:\\\/\\\/www.vis-tourism.com\\\/hr\\\/\"},{\"@type\":\"ListItem\",\"position\":2,\"name\":\"Pje\u0161a\u010denje\",\"item\":\"https:\\\/\\\/www.vis-tourism.com\\\/hr\\\/pjesacenje\\\/\"},{\"@type\":\"ListItem\",\"position\":3,\"name\":\"KOMI\u017dA \u2013 SV.BLA\u017d \u2013 DRAGODID \u2013 RT BARJACI\"}]},{\"@type\":\"WebSite\",\"@id\":\"https:\\\/\\\/www.vis-tourism.com\\\/hr\\\/#website\",\"url\":\"https:\\\/\\\/www.vis-tourism.com\\\/hr\\\/\",\"name\":\"Turisti\u010dka zajednica grada Visa\",\"description\":\"Slu\u017ebeni portal Turisti\u010dke zajednice Grada Visa, sve informacije o hotelima kampovima, privatnom smje\u0161taju\",\"publisher\":{\"@id\":\"https:\\\/\\\/www.vis-tourism.com\\\/hr\\\/#organization\"},\"potentialAction\":[{\"@type\":\"SearchAction\",\"target\":{\"@type\":\"EntryPoint\",\"urlTemplate\":\"https:\\\/\\\/www.vis-tourism.com\\\/hr\\\/?s={search_term_string}\"},\"query-input\":{\"@type\":\"PropertyValueSpecification\",\"valueRequired\":true,\"valueName\":\"search_term_string\"}}],\"inLanguage\":\"hr\"},{\"@type\":\"Organization\",\"@id\":\"https:\\\/\\\/www.vis-tourism.com\\\/hr\\\/#organization\",\"name\":\"Turisti\u010dke zajednica grada Visa\",\"url\":\"https:\\\/\\\/www.vis-tourism.com\\\/hr\\\/\",\"logo\":{\"@type\":\"ImageObject\",\"inLanguage\":\"hr\",\"@id\":\"https:\\\/\\\/www.vis-tourism.com\\\/hr\\\/#\\\/schema\\\/logo\\\/image\\\/\",\"url\":\"https:\\\/\\\/www.vis-tourism.com\\\/wp-content\\\/uploads\\\/2024\\\/05\\\/tz-vis-logotip.png\",\"contentUrl\":\"https:\\\/\\\/www.vis-tourism.com\\\/wp-content\\\/uploads\\\/2024\\\/05\\\/tz-vis-logotip.png\",\"width\":800,\"height\":378,\"caption\":\"Turisti\u010dke zajednica grada Visa\"},\"image\":{\"@id\":\"https:\\\/\\\/www.vis-tourism.com\\\/hr\\\/#\\\/schema\\\/logo\\\/image\\\/\"},\"sameAs\":[\"https:\\\/\\\/www.facebook.com\\\/tzgvis\\\/\",\"https:\\\/\\\/www.instagram.com\\\/tzgvis\\\/\",\"https:\\\/\\\/www.youtube.com\\\/@VisTourism\"]}]}<\/script>\n<!-- \/ Yoast SEO plugin. -->","yoast_head_json":{"title":"KOMI\u017dA \u2013 SV.BLA\u017d \u2013 DRAGODID \u2013 RT BARJACI - Turisti\u010dka zajednica grada Visa","description":"KOMI\u017dA \u2013 SV.BLA\u017d \u2013 DRAGODID \u2013 RT BARJACI","robots":{"index":"index","follow":"follow","max-snippet":"max-snippet:-1","max-image-preview":"max-image-preview:large","max-video-preview":"max-video-preview:-1"},"canonical":"https:\/\/www.vis-tourism.com\/hr\/pjesacenje\/komiza-sv-blaz-dragodid-rt-barjaci\/","og_locale":"hr_HR","og_type":"article","og_title":"KOMI\u017dA \u2013 SV.BLA\u017d \u2013 DRAGODID \u2013 RT BARJACI - Turisti\u010dka zajednica grada Visa","og_description":"KOMI\u017dA \u2013 SV.BLA\u017d \u2013 DRAGODID \u2013 RT BARJACI","og_url":"https:\/\/www.vis-tourism.com\/hr\/pjesacenje\/komiza-sv-blaz-dragodid-rt-barjaci\/","og_site_name":"Turisti\u010dka zajednica grada Visa","article_publisher":"https:\/\/www.facebook.com\/tzgvis\/","article_modified_time":"2024-10-03T14:24:34+00:00","og_image":[{"width":1280,"height":851,"url":"https:\/\/www.vis-tourism.com\/wp-content\/uploads\/2024\/07\/slider-vis.jpeg","type":"image\/jpeg"}],"twitter_card":"summary_large_image","twitter_misc":{"Procijenjeno vrijeme \u010ditanja":"1 minuta"},"schema":{"@context":"https:\/\/schema.org","@graph":[{"@type":"WebPage","@id":"https:\/\/www.vis-tourism.com\/hr\/pjesacenje\/komiza-sv-blaz-dragodid-rt-barjaci\/","url":"https:\/\/www.vis-tourism.com\/hr\/pjesacenje\/komiza-sv-blaz-dragodid-rt-barjaci\/","name":"KOMI\u017dA \u2013 SV.BLA\u017d \u2013 DRAGODID \u2013 RT BARJACI - Turisti\u010dka zajednica grada Visa","isPartOf":{"@id":"https:\/\/www.vis-tourism.com\/hr\/#website"},"datePublished":"2024-06-05T07:52:55+00:00","dateModified":"2024-10-03T14:24:34+00:00","description":"KOMI\u017dA \u2013 SV.BLA\u017d \u2013 DRAGODID \u2013 RT BARJACI","breadcrumb":{"@id":"https:\/\/www.vis-tourism.com\/hr\/pjesacenje\/komiza-sv-blaz-dragodid-rt-barjaci\/#breadcrumb"},"inLanguage":"hr","potentialAction":[{"@type":"ReadAction","target":["https:\/\/www.vis-tourism.com\/hr\/pjesacenje\/komiza-sv-blaz-dragodid-rt-barjaci\/"]}]},{"@type":"BreadcrumbList","@id":"https:\/\/www.vis-tourism.com\/hr\/pjesacenje\/komiza-sv-blaz-dragodid-rt-barjaci\/#breadcrumb","itemListElement":[{"@type":"ListItem","position":1,"name":"Home","item":"https:\/\/www.vis-tourism.com\/hr\/"},{"@type":"ListItem","position":2,"name":"Pje\u0161a\u010denje","item":"https:\/\/www.vis-tourism.com\/hr\/pjesacenje\/"},{"@type":"ListItem","position":3,"name":"KOMI\u017dA \u2013 SV.BLA\u017d \u2013 DRAGODID \u2013 RT BARJACI"}]},{"@type":"WebSite","@id":"https:\/\/www.vis-tourism.com\/hr\/#website","url":"https:\/\/www.vis-tourism.com\/hr\/","name":"Turisti\u010dka zajednica grada Visa","description":"Slu\u017ebeni portal Turisti\u010dke zajednice Grada Visa, sve informacije o hotelima kampovima, privatnom smje\u0161taju","publisher":{"@id":"https:\/\/www.vis-tourism.com\/hr\/#organization"},"potentialAction":[{"@type":"SearchAction","target":{"@type":"EntryPoint","urlTemplate":"https:\/\/www.vis-tourism.com\/hr\/?s={search_term_string}"},"query-input":{"@type":"PropertyValueSpecification","valueRequired":true,"valueName":"search_term_string"}}],"inLanguage":"hr"},{"@type":"Organization","@id":"https:\/\/www.vis-tourism.com\/hr\/#organization","name":"Turisti\u010dke zajednica grada Visa","url":"https:\/\/www.vis-tourism.com\/hr\/","logo":{"@type":"ImageObject","inLanguage":"hr","@id":"https:\/\/www.vis-tourism.com\/hr\/#\/schema\/logo\/image\/","url":"https:\/\/www.vis-tourism.com\/wp-content\/uploads\/2024\/05\/tz-vis-logotip.png","contentUrl":"https:\/\/www.vis-tourism.com\/wp-content\/uploads\/2024\/05\/tz-vis-logotip.png","width":800,"height":378,"caption":"Turisti\u010dke zajednica grada Visa"},"image":{"@id":"https:\/\/www.vis-tourism.com\/hr\/#\/schema\/logo\/image\/"},"sameAs":["https:\/\/www.facebook.com\/tzgvis\/","https:\/\/www.instagram.com\/tzgvis\/","https:\/\/www.youtube.com\/@VisTourism"]}]}},"_links":{"self":[{"href":"https:\/\/www.vis-tourism.com\/hr\/wp-json\/wp\/v2\/hike\/216","targetHints":{"allow":["GET"]}}],"collection":[{"href":"https:\/\/www.vis-tourism.com\/hr\/wp-json\/wp\/v2\/hike"}],"about":[{"href":"https:\/\/www.vis-tourism.com\/hr\/wp-json\/wp\/v2\/types\/hike"}],"wp:attachment":[{"href":"https:\/\/www.vis-tourism.com\/hr\/wp-json\/wp\/v2\/media?parent=216"}],"curies":[{"name":"wp","href":"https:\/\/api.w.org\/{rel}","templated":true}]}}

KOMIŽA – SV.BLAŽ – DRAGODID – RT BARJACI

<p>Staza počinje kao staza 15. Nakon račvanja desno je staza za Oključnu, a naša staza vodi lijevo gore do prijevoja na kojem je kapelica sv.Blaža.</p>
<p>Nastavlja dalje do udoline gdje se spaja na makadamsku cestu. Cestom gore u zavojima do prijevoja na kojem je veliko proširenje. S proširenja jedna staza vodi sjeverozapadno u selo Dragodid, a naša staza vodi zapadno do vinograda pokraj suhozida koji omeđuje vinograd do cisterne s vodom.<br />
Dalje zapadno, djelomično po suhozidu i po dobro vidljivoj stazi u stalno spustu do napuštene vojarne. Od vojarne dolje starom makadamskom cestom do uvale s betonskom rivom (Barjaška uvala) i dalje do rta Barjaci na kojem se mogu vidjeti uništena topovska gnijezda.</p>

<!-- This site is optimized with the Yoast SEO plugin v27.4 - https://yoast.com/product/yoast-seo-wordpress/ -->
<title>KOMIŽA – SV.BLAŽ – DRAGODID – RT BARJACI - Turistička zajednica grada Visa</title>
<meta name="description" content="KOMIŽA – SV.BLAŽ – DRAGODID – RT BARJACI" />
<meta name="robots" content="index, follow, max-snippet:-1, max-image-preview:large, max-video-preview:-1" />
<link rel="canonical" href="https://www.vis-tourism.com/hr/pjesacenje/komiza-sv-blaz-dragodid-rt-barjaci/" />
<meta property="og:locale" content="hr_HR" />
<meta property="og:type" content="article" />
<meta property="og:title" content="KOMIŽA – SV.BLAŽ – DRAGODID – RT BARJACI - Turistička zajednica grada Visa" />
<meta property="og:description" content="KOMIŽA – SV.BLAŽ – DRAGODID – RT BARJACI" />
<meta property="og:url" content="https://www.vis-tourism.com/hr/pjesacenje/komiza-sv-blaz-dragodid-rt-barjaci/" />
<meta property="og:site_name" content="Turistička zajednica grada Visa" />
<meta property="article:publisher" content="https://www.facebook.com/tzgvis/" />
<meta property="article:modified_time" content="2024-10-03T14:24:34+00:00" />
<meta property="og:image" content="https://www.vis-tourism.com/wp-content/uploads/2024/07/slider-vis.jpeg" />
	<meta property="og:image:width" content="1280" />
	<meta property="og:image:height" content="851" />
	<meta property="og:image:type" content="image/jpeg" />
<meta name="twitter:card" content="summary_large_image" />
<meta name="twitter:label1" content="Procijenjeno vrijeme čitanja" />
	<meta name="twitter:data1" content="1 minuta" />
<script type="application/ld+json" class="yoast-schema-graph">{"@context":"https:\/\/schema.org","@graph":[{"@type":"WebPage","@id":"https:\/\/www.vis-tourism.com\/hr\/pjesacenje\/komiza-sv-blaz-dragodid-rt-barjaci\/","url":"https:\/\/www.vis-tourism.com\/hr\/pjesacenje\/komiza-sv-blaz-dragodid-rt-barjaci\/","name":"KOMIŽA – SV.BLAŽ – DRAGODID – RT BARJACI - Turistička zajednica grada Visa","isPartOf":{"@id":"https:\/\/www.vis-tourism.com\/hr\/#website"},"datePublished":"2024-06-05T07:52:55+00:00","dateModified":"2024-10-03T14:24:34+00:00","description":"KOMIŽA – SV.BLAŽ – DRAGODID – RT BARJACI","breadcrumb":{"@id":"https:\/\/www.vis-tourism.com\/hr\/pjesacenje\/komiza-sv-blaz-dragodid-rt-barjaci\/#breadcrumb"},"inLanguage":"hr","potentialAction":[{"@type":"ReadAction","target":["https:\/\/www.vis-tourism.com\/hr\/pjesacenje\/komiza-sv-blaz-dragodid-rt-barjaci\/"]}]},{"@type":"BreadcrumbList","@id":"https:\/\/www.vis-tourism.com\/hr\/pjesacenje\/komiza-sv-blaz-dragodid-rt-barjaci\/#breadcrumb","itemListElement":[{"@type":"ListItem","position":1,"name":"Home","item":"https:\/\/www.vis-tourism.com\/hr\/"},{"@type":"ListItem","position":2,"name":"Pješačenje","item":"https:\/\/www.vis-tourism.com\/hr\/pjesacenje\/"},{"@type":"ListItem","position":3,"name":"KOMIŽA – SV.BLAŽ – DRAGODID – RT BARJACI"}]},{"@type":"WebSite","@id":"https:\/\/www.vis-tourism.com\/hr\/#website","url":"https:\/\/www.vis-tourism.com\/hr\/","name":"Turistička zajednica grada Visa","description":"Službeni portal Turističke zajednice Grada Visa, sve informacije o hotelima kampovima, privatnom smještaju","publisher":{"@id":"https:\/\/www.vis-tourism.com\/hr\/#organization"},"potentialAction":[{"@type":"SearchAction","target":{"@type":"EntryPoint","urlTemplate":"https:\/\/www.vis-tourism.com\/hr\/?s={search_term_string}"},"query-input":{"@type":"PropertyValueSpecification","valueRequired":true,"valueName":"search_term_string"}}],"inLanguage":"hr"},{"@type":"Organization","@id":"https:\/\/www.vis-tourism.com\/hr\/#organization","name":"Turističke zajednica grada Visa","url":"https:\/\/www.vis-tourism.com\/hr\/","logo":{"@type":"ImageObject","inLanguage":"hr","@id":"https:\/\/www.vis-tourism.com\/hr\/#\/schema\/logo\/image\/","url":"https:\/\/www.vis-tourism.com\/wp-content\/uploads\/2024\/05\/tz-vis-logotip.png","contentUrl":"https:\/\/www.vis-tourism.com\/wp-content\/uploads\/2024\/05\/tz-vis-logotip.png","width":800,"height":378,"caption":"Turističke zajednica grada Visa"},"image":{"@id":"https:\/\/www.vis-tourism.com\/hr\/#\/schema\/logo\/image\/"},"sameAs":["https:\/\/www.facebook.com\/tzgvis\/","https:\/\/www.instagram.com\/tzgvis\/","https:\/\/www.youtube.com\/@VisTourism"]}]}</script>
<!-- / Yoast SEO plugin. -->

KOMIŽA – SV.BLAŽ – DRAGODID – RT BARJACI - Turistička zajednica grada Visa

Turistička zajednica grada Visa

Pješačenje

Službeni portal Turističke zajednice Grada Visa, sve informacije o hotelima kampovima, privatnom smještaju

Turističke zajednica grada Visa
