{"id":3771,"date":"2024-07-19T12:49:19","date_gmt":"2024-07-19T12:49:19","guid":{"rendered":"https:\/\/www.vis-tourism.com\/istrazite\/palaca-prdvaric\/"},"modified":"2024-10-01T18:19:30","modified_gmt":"2024-10-01T18:19:30","slug":"palaca-prdvaric","status":"publish","type":"istrazite","link":"https:\/\/www.vis-tourism.com\/hr\/istrazite\/palaca-prdvaric\/","title":{"rendered":"Pala\u010da Prdvari\u0107"},"content":{"rendered":"\n<p>Na sjevernom pro\u010delju nalazi se dugi balkon s kamenom ogradom od neobi\u010dno stiliziranih ukrasa koji imaju izgled uspravnih i okrenutih kamenih vaza.<\/p>\n\n\n\n<p>Balkon se prostire du\u017e \u010ditave \u0161irine sjevernog pro\u010delja. Na ovom pro\u010delju nad balkonom nalazi se grb renesansno-baroknog okvira iz XVI \u2013 XVII st. koji se nalazi i iznad ku\u0107nih vrata.<\/p>\n\n\n\n<p>Postojao je i tre\u0107i grb koji je sada skinut s ku\u0107e.<\/p>\n\n\n\n<p>U sredi\u0161njem polju grbova podijeljenog pojasom koji se lomi pod pravim kutem nalaze se tri zvijezde, a s gornje strane pojasa polumjesec. Na vrhu grba je an\u0111eoska glava.<\/p>\n\n\n\n<p>Na zabatu ju\u017enog zida pala\u010de nalaze se urezano cvije\u0107e i mali lik nage \u017eene s vrpcom, nalik alegoriji Sre\u0107e.<\/p>\n\n\n\n<p>U prizemlju pala\u010de nalazila se konoba, a na katu sredi\u0161nja dvorana izme\u0111u pokrajnih soba u koje se ulazi kroz vrata kamenih profiliranih okvira.<\/p>\n\n\n\n<p>U dvorani natkritoj drvenim stropom koji se oslanja na kamene konzole, nalaze se profilirana kruna bunara i veliki zidni umivaonik s dvije kamene police na bo\u010dnim konzolama ukra\u0161enim ljiljanima, a pri dnu s maskeronom u reljefu, tipi\u010dnim ukrasom za dalmatinske zidne umivaonike u razdoblju od XVI \u2013 XVIII st.<\/p>\n\n\n\n<p>Prdvari\u0107eva pala\u010da je lijep primjer arhitekture ladanjskog graditeljstva.<\/p>\n","protected":false},"featured_media":3772,"template":"","istrazite-kategorija":[92],"class_list":["post-3771","istrazite","type-istrazite","status-publish","has-post-thumbnail","hentry","istrazite-kategorija-kuce-u-visu"],"yoast_head":"<!-- This site is optimized with the Yoast SEO plugin v27.4 - https:\/\/yoast.com\/product\/yoast-seo-wordpress\/ -->\n<title>Pala\u010da Prdvari\u0107 - Turisti\u010dka zajednica grada Visa<\/title>\n<meta name=\"description\" content=\"Pala\u010da Prdvari\u0107\" \/>\n<meta name=\"robots\" content=\"index, follow, max-snippet:-1, max-image-preview:large, max-video-preview:-1\" \/>\n<link rel=\"canonical\" href=\"https:\/\/www.vis-tourism.com\/hr\/istrazite\/palaca-prdvaric\/\" \/>\n<meta property=\"og:locale\" content=\"hr_HR\" \/>\n<meta property=\"og:type\" content=\"article\" \/>\n<meta property=\"og:title\" content=\"Pala\u010da Prdvari\u0107 - Turisti\u010dka zajednica grada Visa\" \/>\n<meta property=\"og:description\" content=\"Pala\u010da Prdvari\u0107\" \/>\n<meta property=\"og:url\" content=\"https:\/\/www.vis-tourism.com\/hr\/istrazite\/palaca-prdvaric\/\" \/>\n<meta property=\"og:site_name\" content=\"Turisti\u010dka zajednica grada Visa\" \/>\n<meta property=\"article:publisher\" content=\"https:\/\/www.facebook.com\/tzgvis\/\" \/>\n<meta property=\"article:modified_time\" content=\"2024-10-01T18:19:30+00:00\" \/>\n<meta property=\"og:image\" content=\"https:\/\/www.vis-tourism.com\/wp-content\/uploads\/2024\/07\/dvd229box5dsc9744.jpeg\" \/>\n\t<meta property=\"og:image:width\" content=\"1280\" \/>\n\t<meta property=\"og:image:height\" content=\"851\" \/>\n\t<meta property=\"og:image:type\" content=\"image\/jpeg\" \/>\n<meta name=\"twitter:card\" content=\"summary_large_image\" \/>\n<meta name=\"twitter:label1\" content=\"Procijenjeno vrijeme \u010ditanja\" \/>\n\t<meta name=\"twitter:data1\" content=\"2 minute\" \/>\n<script type=\"application\/ld+json\" class=\"yoast-schema-graph\">{\"@context\":\"https:\\\/\\\/schema.org\",\"@graph\":[{\"@type\":\"WebPage\",\"@id\":\"https:\\\/\\\/www.vis-tourism.com\\\/hr\\\/istrazite\\\/palaca-prdvaric\\\/\",\"url\":\"https:\\\/\\\/www.vis-tourism.com\\\/hr\\\/istrazite\\\/palaca-prdvaric\\\/\",\"name\":\"Pala\u010da Prdvari\u0107 - Turisti\u010dka zajednica grada Visa\",\"isPartOf\":{\"@id\":\"https:\\\/\\\/www.vis-tourism.com\\\/hr\\\/#website\"},\"primaryImageOfPage\":{\"@id\":\"https:\\\/\\\/www.vis-tourism.com\\\/hr\\\/istrazite\\\/palaca-prdvaric\\\/#primaryimage\"},\"image\":{\"@id\":\"https:\\\/\\\/www.vis-tourism.com\\\/hr\\\/istrazite\\\/palaca-prdvaric\\\/#primaryimage\"},\"thumbnailUrl\":\"https:\\\/\\\/www.vis-tourism.com\\\/wp-content\\\/uploads\\\/2024\\\/07\\\/dvd229box5dsc9744.jpeg\",\"datePublished\":\"2024-07-19T12:49:19+00:00\",\"dateModified\":\"2024-10-01T18:19:30+00:00\",\"description\":\"Pala\u010da Prdvari\u0107\",\"breadcrumb\":{\"@id\":\"https:\\\/\\\/www.vis-tourism.com\\\/hr\\\/istrazite\\\/palaca-prdvaric\\\/#breadcrumb\"},\"inLanguage\":\"hr\",\"potentialAction\":[{\"@type\":\"ReadAction\",\"target\":[\"https:\\\/\\\/www.vis-tourism.com\\\/hr\\\/istrazite\\\/palaca-prdvaric\\\/\"]}]},{\"@type\":\"ImageObject\",\"inLanguage\":\"hr\",\"@id\":\"https:\\\/\\\/www.vis-tourism.com\\\/hr\\\/istrazite\\\/palaca-prdvaric\\\/#primaryimage\",\"url\":\"https:\\\/\\\/www.vis-tourism.com\\\/wp-content\\\/uploads\\\/2024\\\/07\\\/dvd229box5dsc9744.jpeg\",\"contentUrl\":\"https:\\\/\\\/www.vis-tourism.com\\\/wp-content\\\/uploads\\\/2024\\\/07\\\/dvd229box5dsc9744.jpeg\",\"width\":1280,\"height\":851},{\"@type\":\"BreadcrumbList\",\"@id\":\"https:\\\/\\\/www.vis-tourism.com\\\/hr\\\/istrazite\\\/palaca-prdvaric\\\/#breadcrumb\",\"itemListElement\":[{\"@type\":\"ListItem\",\"position\":1,\"name\":\"Home\",\"item\":\"https:\\\/\\\/www.vis-tourism.com\\\/hr\\\/\"},{\"@type\":\"ListItem\",\"position\":2,\"name\":\"Istra\u017eite\",\"item\":\"https:\\\/\\\/www.vis-tourism.com\\\/hr\\\/istrazite\\\/\"},{\"@type\":\"ListItem\",\"position\":3,\"name\":\"Kulturna ba\u0161tina\",\"item\":\"https:\\\/\\\/www.vis-tourism.com\\\/hr\\\/istrazite-kategorija\\\/kulturna-bastina\\\/\"},{\"@type\":\"ListItem\",\"position\":4,\"name\":\"Ku\u0107e u Visu\",\"item\":\"https:\\\/\\\/www.vis-tourism.com\\\/hr\\\/istrazite-kategorija\\\/kuce-u-visu\\\/\"},{\"@type\":\"ListItem\",\"position\":5,\"name\":\"Pala\u010da Prdvari\u0107\"}]},{\"@type\":\"WebSite\",\"@id\":\"https:\\\/\\\/www.vis-tourism.com\\\/hr\\\/#website\",\"url\":\"https:\\\/\\\/www.vis-tourism.com\\\/hr\\\/\",\"name\":\"Turisti\u010dka zajednica grada Visa\",\"description\":\"Slu\u017ebeni portal Turisti\u010dke zajednice Grada Visa, sve informacije o hotelima kampovima, privatnom smje\u0161taju\",\"publisher\":{\"@id\":\"https:\\\/\\\/www.vis-tourism.com\\\/hr\\\/#organization\"},\"potentialAction\":[{\"@type\":\"SearchAction\",\"target\":{\"@type\":\"EntryPoint\",\"urlTemplate\":\"https:\\\/\\\/www.vis-tourism.com\\\/hr\\\/?s={search_term_string}\"},\"query-input\":{\"@type\":\"PropertyValueSpecification\",\"valueRequired\":true,\"valueName\":\"search_term_string\"}}],\"inLanguage\":\"hr\"},{\"@type\":\"Organization\",\"@id\":\"https:\\\/\\\/www.vis-tourism.com\\\/hr\\\/#organization\",\"name\":\"Turisti\u010dke zajednica grada Visa\",\"url\":\"https:\\\/\\\/www.vis-tourism.com\\\/hr\\\/\",\"logo\":{\"@type\":\"ImageObject\",\"inLanguage\":\"hr\",\"@id\":\"https:\\\/\\\/www.vis-tourism.com\\\/hr\\\/#\\\/schema\\\/logo\\\/image\\\/\",\"url\":\"https:\\\/\\\/www.vis-tourism.com\\\/wp-content\\\/uploads\\\/2024\\\/05\\\/tz-vis-logotip.png\",\"contentUrl\":\"https:\\\/\\\/www.vis-tourism.com\\\/wp-content\\\/uploads\\\/2024\\\/05\\\/tz-vis-logotip.png\",\"width\":800,\"height\":378,\"caption\":\"Turisti\u010dke zajednica grada Visa\"},\"image\":{\"@id\":\"https:\\\/\\\/www.vis-tourism.com\\\/hr\\\/#\\\/schema\\\/logo\\\/image\\\/\"},\"sameAs\":[\"https:\\\/\\\/www.facebook.com\\\/tzgvis\\\/\",\"https:\\\/\\\/www.instagram.com\\\/tzgvis\\\/\",\"https:\\\/\\\/www.youtube.com\\\/@VisTourism\"]}]}<\/script>\n<!-- \/ Yoast SEO plugin. -->","yoast_head_json":{"title":"Pala\u010da Prdvari\u0107 - Turisti\u010dka zajednica grada Visa","description":"Pala\u010da Prdvari\u0107","robots":{"index":"index","follow":"follow","max-snippet":"max-snippet:-1","max-image-preview":"max-image-preview:large","max-video-preview":"max-video-preview:-1"},"canonical":"https:\/\/www.vis-tourism.com\/hr\/istrazite\/palaca-prdvaric\/","og_locale":"hr_HR","og_type":"article","og_title":"Pala\u010da Prdvari\u0107 - Turisti\u010dka zajednica grada Visa","og_description":"Pala\u010da Prdvari\u0107","og_url":"https:\/\/www.vis-tourism.com\/hr\/istrazite\/palaca-prdvaric\/","og_site_name":"Turisti\u010dka zajednica grada Visa","article_publisher":"https:\/\/www.facebook.com\/tzgvis\/","article_modified_time":"2024-10-01T18:19:30+00:00","og_image":[{"width":1280,"height":851,"url":"https:\/\/www.vis-tourism.com\/wp-content\/uploads\/2024\/07\/dvd229box5dsc9744.jpeg","type":"image\/jpeg"}],"twitter_card":"summary_large_image","twitter_misc":{"Procijenjeno vrijeme \u010ditanja":"2 minute"},"schema":{"@context":"https:\/\/schema.org","@graph":[{"@type":"WebPage","@id":"https:\/\/www.vis-tourism.com\/hr\/istrazite\/palaca-prdvaric\/","url":"https:\/\/www.vis-tourism.com\/hr\/istrazite\/palaca-prdvaric\/","name":"Pala\u010da Prdvari\u0107 - Turisti\u010dka zajednica grada Visa","isPartOf":{"@id":"https:\/\/www.vis-tourism.com\/hr\/#website"},"primaryImageOfPage":{"@id":"https:\/\/www.vis-tourism.com\/hr\/istrazite\/palaca-prdvaric\/#primaryimage"},"image":{"@id":"https:\/\/www.vis-tourism.com\/hr\/istrazite\/palaca-prdvaric\/#primaryimage"},"thumbnailUrl":"https:\/\/www.vis-tourism.com\/wp-content\/uploads\/2024\/07\/dvd229box5dsc9744.jpeg","datePublished":"2024-07-19T12:49:19+00:00","dateModified":"2024-10-01T18:19:30+00:00","description":"Pala\u010da Prdvari\u0107","breadcrumb":{"@id":"https:\/\/www.vis-tourism.com\/hr\/istrazite\/palaca-prdvaric\/#breadcrumb"},"inLanguage":"hr","potentialAction":[{"@type":"ReadAction","target":["https:\/\/www.vis-tourism.com\/hr\/istrazite\/palaca-prdvaric\/"]}]},{"@type":"ImageObject","inLanguage":"hr","@id":"https:\/\/www.vis-tourism.com\/hr\/istrazite\/palaca-prdvaric\/#primaryimage","url":"https:\/\/www.vis-tourism.com\/wp-content\/uploads\/2024\/07\/dvd229box5dsc9744.jpeg","contentUrl":"https:\/\/www.vis-tourism.com\/wp-content\/uploads\/2024\/07\/dvd229box5dsc9744.jpeg","width":1280,"height":851},{"@type":"BreadcrumbList","@id":"https:\/\/www.vis-tourism.com\/hr\/istrazite\/palaca-prdvaric\/#breadcrumb","itemListElement":[{"@type":"ListItem","position":1,"name":"Home","item":"https:\/\/www.vis-tourism.com\/hr\/"},{"@type":"ListItem","position":2,"name":"Istra\u017eite","item":"https:\/\/www.vis-tourism.com\/hr\/istrazite\/"},{"@type":"ListItem","position":3,"name":"Kulturna ba\u0161tina","item":"https:\/\/www.vis-tourism.com\/hr\/istrazite-kategorija\/kulturna-bastina\/"},{"@type":"ListItem","position":4,"name":"Ku\u0107e u Visu","item":"https:\/\/www.vis-tourism.com\/hr\/istrazite-kategorija\/kuce-u-visu\/"},{"@type":"ListItem","position":5,"name":"Pala\u010da Prdvari\u0107"}]},{"@type":"WebSite","@id":"https:\/\/www.vis-tourism.com\/hr\/#website","url":"https:\/\/www.vis-tourism.com\/hr\/","name":"Turisti\u010dka zajednica grada Visa","description":"Slu\u017ebeni portal Turisti\u010dke zajednice Grada Visa, sve informacije o hotelima kampovima, privatnom smje\u0161taju","publisher":{"@id":"https:\/\/www.vis-tourism.com\/hr\/#organization"},"potentialAction":[{"@type":"SearchAction","target":{"@type":"EntryPoint","urlTemplate":"https:\/\/www.vis-tourism.com\/hr\/?s={search_term_string}"},"query-input":{"@type":"PropertyValueSpecification","valueRequired":true,"valueName":"search_term_string"}}],"inLanguage":"hr"},{"@type":"Organization","@id":"https:\/\/www.vis-tourism.com\/hr\/#organization","name":"Turisti\u010dke zajednica grada Visa","url":"https:\/\/www.vis-tourism.com\/hr\/","logo":{"@type":"ImageObject","inLanguage":"hr","@id":"https:\/\/www.vis-tourism.com\/hr\/#\/schema\/logo\/image\/","url":"https:\/\/www.vis-tourism.com\/wp-content\/uploads\/2024\/05\/tz-vis-logotip.png","contentUrl":"https:\/\/www.vis-tourism.com\/wp-content\/uploads\/2024\/05\/tz-vis-logotip.png","width":800,"height":378,"caption":"Turisti\u010dke zajednica grada Visa"},"image":{"@id":"https:\/\/www.vis-tourism.com\/hr\/#\/schema\/logo\/image\/"},"sameAs":["https:\/\/www.facebook.com\/tzgvis\/","https:\/\/www.instagram.com\/tzgvis\/","https:\/\/www.youtube.com\/@VisTourism"]}]}},"_links":{"self":[{"href":"https:\/\/www.vis-tourism.com\/hr\/wp-json\/wp\/v2\/istrazite\/3771","targetHints":{"allow":["GET"]}}],"collection":[{"href":"https:\/\/www.vis-tourism.com\/hr\/wp-json\/wp\/v2\/istrazite"}],"about":[{"href":"https:\/\/www.vis-tourism.com\/hr\/wp-json\/wp\/v2\/types\/istrazite"}],"wp:featuredmedia":[{"embeddable":true,"href":"https:\/\/www.vis-tourism.com\/hr\/wp-json\/wp\/v2\/media\/3772"}],"wp:attachment":[{"href":"https:\/\/www.vis-tourism.com\/hr\/wp-json\/wp\/v2\/media?parent=3771"}],"wp:term":[{"taxonomy":"istrazite-kategorija","embeddable":true,"href":"https:\/\/www.vis-tourism.com\/hr\/wp-json\/wp\/v2\/istrazite-kategorija?post=3771"}],"curies":[{"name":"wp","href":"https:\/\/api.w.org\/{rel}","templated":true}]}}

Palača Prdvarić

<p>Na sjevernom pročelju nalazi se dugi balkon s kamenom ogradom od neobično stiliziranih ukrasa koji imaju izgled uspravnih i okrenutih kamenih vaza.</p>



<p>Balkon se prostire duž čitave širine sjevernog pročelja. Na ovom pročelju nad balkonom nalazi se grb renesansno-baroknog okvira iz XVI – XVII st. koji se nalazi i iznad kućnih vrata.</p>



<p>Postojao je i treći grb koji je sada skinut s kuće.</p>



<p>U središnjem polju grbova podijeljenog pojasom koji se lomi pod pravim kutem nalaze se tri zvijezde, a s gornje strane pojasa polumjesec. Na vrhu grba je anđeoska glava.</p>



<p>Na zabatu južnog zida palače nalaze se urezano cvijeće i mali lik nage žene s vrpcom, nalik alegoriji Sreće.</p>



<p>U prizemlju palače nalazila se konoba, a na katu središnja dvorana između pokrajnih soba u koje se ulazi kroz vrata kamenih profiliranih okvira.</p>



<p>U dvorani natkritoj drvenim stropom koji se oslanja na kamene konzole, nalaze se profilirana kruna bunara i veliki zidni umivaonik s dvije kamene police na bočnim konzolama ukrašenim ljiljanima, a pri dnu s maskeronom u reljefu, tipičnim ukrasom za dalmatinske zidne umivaonike u razdoblju od XVI – XVIII st.</p>



<p>Prdvarićeva palača je lijep primjer arhitekture ladanjskog graditeljstva.</p>

<!-- This site is optimized with the Yoast SEO plugin v27.4 - https://yoast.com/product/yoast-seo-wordpress/ -->
<title>Palača Prdvarić - Turistička zajednica grada Visa</title>
<meta name="description" content="Palača Prdvarić" />
<meta name="robots" content="index, follow, max-snippet:-1, max-image-preview:large, max-video-preview:-1" />
<link rel="canonical" href="https://www.vis-tourism.com/hr/istrazite/palaca-prdvaric/" />
<meta property="og:locale" content="hr_HR" />
<meta property="og:type" content="article" />
<meta property="og:title" content="Palača Prdvarić - Turistička zajednica grada Visa" />
<meta property="og:description" content="Palača Prdvarić" />
<meta property="og:url" content="https://www.vis-tourism.com/hr/istrazite/palaca-prdvaric/" />
<meta property="og:site_name" content="Turistička zajednica grada Visa" />
<meta property="article:publisher" content="https://www.facebook.com/tzgvis/" />
<meta property="article:modified_time" content="2024-10-01T18:19:30+00:00" />
<meta property="og:image" content="https://www.vis-tourism.com/wp-content/uploads/2024/07/dvd229box5dsc9744.jpeg" />
	<meta property="og:image:width" content="1280" />
	<meta property="og:image:height" content="851" />
	<meta property="og:image:type" content="image/jpeg" />
<meta name="twitter:card" content="summary_large_image" />
<meta name="twitter:label1" content="Procijenjeno vrijeme čitanja" />
	<meta name="twitter:data1" content="2 minute" />
<script type="application/ld+json" class="yoast-schema-graph">{"@context":"https:\/\/schema.org","@graph":[{"@type":"WebPage","@id":"https:\/\/www.vis-tourism.com\/hr\/istrazite\/palaca-prdvaric\/","url":"https:\/\/www.vis-tourism.com\/hr\/istrazite\/palaca-prdvaric\/","name":"Palača Prdvarić - Turistička zajednica grada Visa","isPartOf":{"@id":"https:\/\/www.vis-tourism.com\/hr\/#website"},"primaryImageOfPage":{"@id":"https:\/\/www.vis-tourism.com\/hr\/istrazite\/palaca-prdvaric\/#primaryimage"},"image":{"@id":"https:\/\/www.vis-tourism.com\/hr\/istrazite\/palaca-prdvaric\/#primaryimage"},"thumbnailUrl":"https:\/\/www.vis-tourism.com\/wp-content\/uploads\/2024\/07\/dvd229box5dsc9744.jpeg","datePublished":"2024-07-19T12:49:19+00:00","dateModified":"2024-10-01T18:19:30+00:00","description":"Palača Prdvarić","breadcrumb":{"@id":"https:\/\/www.vis-tourism.com\/hr\/istrazite\/palaca-prdvaric\/#breadcrumb"},"inLanguage":"hr","potentialAction":[{"@type":"ReadAction","target":["https:\/\/www.vis-tourism.com\/hr\/istrazite\/palaca-prdvaric\/"]}]},{"@type":"ImageObject","inLanguage":"hr","@id":"https:\/\/www.vis-tourism.com\/hr\/istrazite\/palaca-prdvaric\/#primaryimage","url":"https:\/\/www.vis-tourism.com\/wp-content\/uploads\/2024\/07\/dvd229box5dsc9744.jpeg","contentUrl":"https:\/\/www.vis-tourism.com\/wp-content\/uploads\/2024\/07\/dvd229box5dsc9744.jpeg","width":1280,"height":851},{"@type":"BreadcrumbList","@id":"https:\/\/www.vis-tourism.com\/hr\/istrazite\/palaca-prdvaric\/#breadcrumb","itemListElement":[{"@type":"ListItem","position":1,"name":"Home","item":"https:\/\/www.vis-tourism.com\/hr\/"},{"@type":"ListItem","position":2,"name":"Istražite","item":"https:\/\/www.vis-tourism.com\/hr\/istrazite\/"},{"@type":"ListItem","position":3,"name":"Kulturna baština","item":"https:\/\/www.vis-tourism.com\/hr\/istrazite-kategorija\/kulturna-bastina\/"},{"@type":"ListItem","position":4,"name":"Kuće u Visu","item":"https:\/\/www.vis-tourism.com\/hr\/istrazite-kategorija\/kuce-u-visu\/"},{"@type":"ListItem","position":5,"name":"Palača Prdvarić"}]},{"@type":"WebSite","@id":"https:\/\/www.vis-tourism.com\/hr\/#website","url":"https:\/\/www.vis-tourism.com\/hr\/","name":"Turistička zajednica grada Visa","description":"Službeni portal Turističke zajednice Grada Visa, sve informacije o hotelima kampovima, privatnom smještaju","publisher":{"@id":"https:\/\/www.vis-tourism.com\/hr\/#organization"},"potentialAction":[{"@type":"SearchAction","target":{"@type":"EntryPoint","urlTemplate":"https:\/\/www.vis-tourism.com\/hr\/?s={search_term_string}"},"query-input":{"@type":"PropertyValueSpecification","valueRequired":true,"valueName":"search_term_string"}}],"inLanguage":"hr"},{"@type":"Organization","@id":"https:\/\/www.vis-tourism.com\/hr\/#organization","name":"Turističke zajednica grada Visa","url":"https:\/\/www.vis-tourism.com\/hr\/","logo":{"@type":"ImageObject","inLanguage":"hr","@id":"https:\/\/www.vis-tourism.com\/hr\/#\/schema\/logo\/image\/","url":"https:\/\/www.vis-tourism.com\/wp-content\/uploads\/2024\/05\/tz-vis-logotip.png","contentUrl":"https:\/\/www.vis-tourism.com\/wp-content\/uploads\/2024\/05\/tz-vis-logotip.png","width":800,"height":378,"caption":"Turističke zajednica grada Visa"},"image":{"@id":"https:\/\/www.vis-tourism.com\/hr\/#\/schema\/logo\/image\/"},"sameAs":["https:\/\/www.facebook.com\/tzgvis\/","https:\/\/www.instagram.com\/tzgvis\/","https:\/\/www.youtube.com\/@VisTourism"]}]}</script>
<!-- / Yoast SEO plugin. -->

Palača Prdvarić - Turistička zajednica grada Visa

Turistička zajednica grada Visa

Istražite

Kulturna baština

Kuće u Visu

Službeni portal Turističke zajednice Grada Visa, sve informacije o hotelima kampovima, privatnom smještaju

Turističke zajednica grada Visa
