{"id":3775,"date":"2024-07-19T12:49:19","date_gmt":"2024-07-19T12:49:19","guid":{"rendered":"https:\/\/www.vis-tourism.com\/istrazite\/palaca-radosevic\/"},"modified":"2024-10-01T18:20:23","modified_gmt":"2024-10-01T18:20:23","slug":"palaca-radosevic","status":"publish","type":"istrazite","link":"https:\/\/www.vis-tourism.com\/hr\/istrazite\/palaca-radosevic\/","title":{"rendered":"Pala\u010da Rado\u0161evi\u0107"},"content":{"rendered":"\n<p>Sagradio ju je hvarski plemi\u0107 Frane Rado\u0161evi\u0107 u XVII st. no, kako svjedo\u010de pojedini dokumenti, \u010dlanovi obitelji Rado\u0161evi\u0107 ve\u0107 od XVI st. imaju svoje posjede u vi\u0161kom predjelu Luka.<\/p>\n\n\n\n<p>Na pro\u010delju prvog kata pala\u010de nalazi se dugi balkon, a nad njime na drugom katu su tri manja.<\/p>\n\n\n\n<p>Svi balkoni su skladno i lijepo izra\u0111eni, ogra\u0111eni lijepim kamenim stupi\u0107ima, a ukra\u0161eni su i s donje strane reljefno isklesanim cvjetnim motivima s leptirima i \u0161koljkom.<\/p>\n\n\n\n<p>Na sredi\u0161njoj plo\u010di balkona je reljefni grb u kojem se propinje lav dr\u017ee\u0107i ma\u010d u \u0161api. U grbu su i po\u010detna slova imena graditelja Frane Rado\u0161evi\u0107a.<\/p>\n\n\n\n<p>Na ju\u017enom zidu pala\u010de nalaze se dva manja balkona istog oblika kao oni na sjevernom.<\/p>\n\n\n\n<p>Pala\u010da Rado\u0161evi\u0107 spoj je ljetnikovca i gradske pala\u010de i svojom arhitekturom iskazuje se kao slo\u017eeni i vrlo lijep barokni arhitektonski sklop<\/p>\n","protected":false},"featured_media":3776,"template":"","istrazite-kategorija":[92],"class_list":["post-3775","istrazite","type-istrazite","status-publish","has-post-thumbnail","hentry","istrazite-kategorija-kuce-u-visu"],"yoast_head":"<!-- This site is optimized with the Yoast SEO plugin v27.4 - https:\/\/yoast.com\/product\/yoast-seo-wordpress\/ -->\n<title>Pala\u010da Rado\u0161evi\u0107 - Turisti\u010dka zajednica grada Visa<\/title>\n<meta name=\"description\" content=\"Pala\u010da Rado\u0161evi\u0107\" \/>\n<meta name=\"robots\" content=\"index, follow, max-snippet:-1, max-image-preview:large, max-video-preview:-1\" \/>\n<link rel=\"canonical\" href=\"https:\/\/www.vis-tourism.com\/hr\/istrazite\/palaca-radosevic\/\" \/>\n<meta property=\"og:locale\" content=\"hr_HR\" \/>\n<meta property=\"og:type\" content=\"article\" \/>\n<meta property=\"og:title\" content=\"Pala\u010da Rado\u0161evi\u0107 - Turisti\u010dka zajednica grada Visa\" \/>\n<meta property=\"og:description\" content=\"Pala\u010da Rado\u0161evi\u0107\" \/>\n<meta property=\"og:url\" content=\"https:\/\/www.vis-tourism.com\/hr\/istrazite\/palaca-radosevic\/\" \/>\n<meta property=\"og:site_name\" content=\"Turisti\u010dka zajednica grada Visa\" \/>\n<meta property=\"article:publisher\" content=\"https:\/\/www.facebook.com\/tzgvis\/\" \/>\n<meta property=\"article:modified_time\" content=\"2024-10-01T18:20:23+00:00\" \/>\n<meta property=\"og:image\" content=\"https:\/\/www.vis-tourism.com\/wp-content\/uploads\/2024\/07\/Palaca-Radosevic.jpeg\" \/>\n\t<meta property=\"og:image:width\" content=\"1280\" \/>\n\t<meta property=\"og:image:height\" content=\"851\" \/>\n\t<meta property=\"og:image:type\" content=\"image\/jpeg\" \/>\n<meta name=\"twitter:card\" content=\"summary_large_image\" \/>\n<meta name=\"twitter:label1\" content=\"Procijenjeno vrijeme \u010ditanja\" \/>\n\t<meta name=\"twitter:data1\" content=\"1 minuta\" \/>\n<script type=\"application\/ld+json\" class=\"yoast-schema-graph\">{\"@context\":\"https:\\\/\\\/schema.org\",\"@graph\":[{\"@type\":\"WebPage\",\"@id\":\"https:\\\/\\\/www.vis-tourism.com\\\/hr\\\/istrazite\\\/palaca-radosevic\\\/\",\"url\":\"https:\\\/\\\/www.vis-tourism.com\\\/hr\\\/istrazite\\\/palaca-radosevic\\\/\",\"name\":\"Pala\u010da Rado\u0161evi\u0107 - Turisti\u010dka zajednica grada Visa\",\"isPartOf\":{\"@id\":\"https:\\\/\\\/www.vis-tourism.com\\\/hr\\\/#website\"},\"primaryImageOfPage\":{\"@id\":\"https:\\\/\\\/www.vis-tourism.com\\\/hr\\\/istrazite\\\/palaca-radosevic\\\/#primaryimage\"},\"image\":{\"@id\":\"https:\\\/\\\/www.vis-tourism.com\\\/hr\\\/istrazite\\\/palaca-radosevic\\\/#primaryimage\"},\"thumbnailUrl\":\"https:\\\/\\\/www.vis-tourism.com\\\/wp-content\\\/uploads\\\/2024\\\/07\\\/Palaca-Radosevic.jpeg\",\"datePublished\":\"2024-07-19T12:49:19+00:00\",\"dateModified\":\"2024-10-01T18:20:23+00:00\",\"description\":\"Pala\u010da Rado\u0161evi\u0107\",\"breadcrumb\":{\"@id\":\"https:\\\/\\\/www.vis-tourism.com\\\/hr\\\/istrazite\\\/palaca-radosevic\\\/#breadcrumb\"},\"inLanguage\":\"hr\",\"potentialAction\":[{\"@type\":\"ReadAction\",\"target\":[\"https:\\\/\\\/www.vis-tourism.com\\\/hr\\\/istrazite\\\/palaca-radosevic\\\/\"]}]},{\"@type\":\"ImageObject\",\"inLanguage\":\"hr\",\"@id\":\"https:\\\/\\\/www.vis-tourism.com\\\/hr\\\/istrazite\\\/palaca-radosevic\\\/#primaryimage\",\"url\":\"https:\\\/\\\/www.vis-tourism.com\\\/wp-content\\\/uploads\\\/2024\\\/07\\\/Palaca-Radosevic.jpeg\",\"contentUrl\":\"https:\\\/\\\/www.vis-tourism.com\\\/wp-content\\\/uploads\\\/2024\\\/07\\\/Palaca-Radosevic.jpeg\",\"width\":1280,\"height\":851},{\"@type\":\"BreadcrumbList\",\"@id\":\"https:\\\/\\\/www.vis-tourism.com\\\/hr\\\/istrazite\\\/palaca-radosevic\\\/#breadcrumb\",\"itemListElement\":[{\"@type\":\"ListItem\",\"position\":1,\"name\":\"Home\",\"item\":\"https:\\\/\\\/www.vis-tourism.com\\\/hr\\\/\"},{\"@type\":\"ListItem\",\"position\":2,\"name\":\"Istra\u017eite\",\"item\":\"https:\\\/\\\/www.vis-tourism.com\\\/hr\\\/istrazite\\\/\"},{\"@type\":\"ListItem\",\"position\":3,\"name\":\"Kulturna ba\u0161tina\",\"item\":\"https:\\\/\\\/www.vis-tourism.com\\\/hr\\\/istrazite-kategorija\\\/kulturna-bastina\\\/\"},{\"@type\":\"ListItem\",\"position\":4,\"name\":\"Ku\u0107e u Visu\",\"item\":\"https:\\\/\\\/www.vis-tourism.com\\\/hr\\\/istrazite-kategorija\\\/kuce-u-visu\\\/\"},{\"@type\":\"ListItem\",\"position\":5,\"name\":\"Pala\u010da Rado\u0161evi\u0107\"}]},{\"@type\":\"WebSite\",\"@id\":\"https:\\\/\\\/www.vis-tourism.com\\\/hr\\\/#website\",\"url\":\"https:\\\/\\\/www.vis-tourism.com\\\/hr\\\/\",\"name\":\"Turisti\u010dka zajednica grada Visa\",\"description\":\"Slu\u017ebeni portal Turisti\u010dke zajednice Grada Visa, sve informacije o hotelima kampovima, privatnom smje\u0161taju\",\"publisher\":{\"@id\":\"https:\\\/\\\/www.vis-tourism.com\\\/hr\\\/#organization\"},\"potentialAction\":[{\"@type\":\"SearchAction\",\"target\":{\"@type\":\"EntryPoint\",\"urlTemplate\":\"https:\\\/\\\/www.vis-tourism.com\\\/hr\\\/?s={search_term_string}\"},\"query-input\":{\"@type\":\"PropertyValueSpecification\",\"valueRequired\":true,\"valueName\":\"search_term_string\"}}],\"inLanguage\":\"hr\"},{\"@type\":\"Organization\",\"@id\":\"https:\\\/\\\/www.vis-tourism.com\\\/hr\\\/#organization\",\"name\":\"Turisti\u010dke zajednica grada Visa\",\"url\":\"https:\\\/\\\/www.vis-tourism.com\\\/hr\\\/\",\"logo\":{\"@type\":\"ImageObject\",\"inLanguage\":\"hr\",\"@id\":\"https:\\\/\\\/www.vis-tourism.com\\\/hr\\\/#\\\/schema\\\/logo\\\/image\\\/\",\"url\":\"https:\\\/\\\/www.vis-tourism.com\\\/wp-content\\\/uploads\\\/2024\\\/05\\\/tz-vis-logotip.png\",\"contentUrl\":\"https:\\\/\\\/www.vis-tourism.com\\\/wp-content\\\/uploads\\\/2024\\\/05\\\/tz-vis-logotip.png\",\"width\":800,\"height\":378,\"caption\":\"Turisti\u010dke zajednica grada Visa\"},\"image\":{\"@id\":\"https:\\\/\\\/www.vis-tourism.com\\\/hr\\\/#\\\/schema\\\/logo\\\/image\\\/\"},\"sameAs\":[\"https:\\\/\\\/www.facebook.com\\\/tzgvis\\\/\",\"https:\\\/\\\/www.instagram.com\\\/tzgvis\\\/\",\"https:\\\/\\\/www.youtube.com\\\/@VisTourism\"]}]}<\/script>\n<!-- \/ Yoast SEO plugin. -->","yoast_head_json":{"title":"Pala\u010da Rado\u0161evi\u0107 - Turisti\u010dka zajednica grada Visa","description":"Pala\u010da Rado\u0161evi\u0107","robots":{"index":"index","follow":"follow","max-snippet":"max-snippet:-1","max-image-preview":"max-image-preview:large","max-video-preview":"max-video-preview:-1"},"canonical":"https:\/\/www.vis-tourism.com\/hr\/istrazite\/palaca-radosevic\/","og_locale":"hr_HR","og_type":"article","og_title":"Pala\u010da Rado\u0161evi\u0107 - Turisti\u010dka zajednica grada Visa","og_description":"Pala\u010da Rado\u0161evi\u0107","og_url":"https:\/\/www.vis-tourism.com\/hr\/istrazite\/palaca-radosevic\/","og_site_name":"Turisti\u010dka zajednica grada Visa","article_publisher":"https:\/\/www.facebook.com\/tzgvis\/","article_modified_time":"2024-10-01T18:20:23+00:00","og_image":[{"width":1280,"height":851,"url":"https:\/\/www.vis-tourism.com\/wp-content\/uploads\/2024\/07\/Palaca-Radosevic.jpeg","type":"image\/jpeg"}],"twitter_card":"summary_large_image","twitter_misc":{"Procijenjeno vrijeme \u010ditanja":"1 minuta"},"schema":{"@context":"https:\/\/schema.org","@graph":[{"@type":"WebPage","@id":"https:\/\/www.vis-tourism.com\/hr\/istrazite\/palaca-radosevic\/","url":"https:\/\/www.vis-tourism.com\/hr\/istrazite\/palaca-radosevic\/","name":"Pala\u010da Rado\u0161evi\u0107 - Turisti\u010dka zajednica grada Visa","isPartOf":{"@id":"https:\/\/www.vis-tourism.com\/hr\/#website"},"primaryImageOfPage":{"@id":"https:\/\/www.vis-tourism.com\/hr\/istrazite\/palaca-radosevic\/#primaryimage"},"image":{"@id":"https:\/\/www.vis-tourism.com\/hr\/istrazite\/palaca-radosevic\/#primaryimage"},"thumbnailUrl":"https:\/\/www.vis-tourism.com\/wp-content\/uploads\/2024\/07\/Palaca-Radosevic.jpeg","datePublished":"2024-07-19T12:49:19+00:00","dateModified":"2024-10-01T18:20:23+00:00","description":"Pala\u010da Rado\u0161evi\u0107","breadcrumb":{"@id":"https:\/\/www.vis-tourism.com\/hr\/istrazite\/palaca-radosevic\/#breadcrumb"},"inLanguage":"hr","potentialAction":[{"@type":"ReadAction","target":["https:\/\/www.vis-tourism.com\/hr\/istrazite\/palaca-radosevic\/"]}]},{"@type":"ImageObject","inLanguage":"hr","@id":"https:\/\/www.vis-tourism.com\/hr\/istrazite\/palaca-radosevic\/#primaryimage","url":"https:\/\/www.vis-tourism.com\/wp-content\/uploads\/2024\/07\/Palaca-Radosevic.jpeg","contentUrl":"https:\/\/www.vis-tourism.com\/wp-content\/uploads\/2024\/07\/Palaca-Radosevic.jpeg","width":1280,"height":851},{"@type":"BreadcrumbList","@id":"https:\/\/www.vis-tourism.com\/hr\/istrazite\/palaca-radosevic\/#breadcrumb","itemListElement":[{"@type":"ListItem","position":1,"name":"Home","item":"https:\/\/www.vis-tourism.com\/hr\/"},{"@type":"ListItem","position":2,"name":"Istra\u017eite","item":"https:\/\/www.vis-tourism.com\/hr\/istrazite\/"},{"@type":"ListItem","position":3,"name":"Kulturna ba\u0161tina","item":"https:\/\/www.vis-tourism.com\/hr\/istrazite-kategorija\/kulturna-bastina\/"},{"@type":"ListItem","position":4,"name":"Ku\u0107e u Visu","item":"https:\/\/www.vis-tourism.com\/hr\/istrazite-kategorija\/kuce-u-visu\/"},{"@type":"ListItem","position":5,"name":"Pala\u010da Rado\u0161evi\u0107"}]},{"@type":"WebSite","@id":"https:\/\/www.vis-tourism.com\/hr\/#website","url":"https:\/\/www.vis-tourism.com\/hr\/","name":"Turisti\u010dka zajednica grada Visa","description":"Slu\u017ebeni portal Turisti\u010dke zajednice Grada Visa, sve informacije o hotelima kampovima, privatnom smje\u0161taju","publisher":{"@id":"https:\/\/www.vis-tourism.com\/hr\/#organization"},"potentialAction":[{"@type":"SearchAction","target":{"@type":"EntryPoint","urlTemplate":"https:\/\/www.vis-tourism.com\/hr\/?s={search_term_string}"},"query-input":{"@type":"PropertyValueSpecification","valueRequired":true,"valueName":"search_term_string"}}],"inLanguage":"hr"},{"@type":"Organization","@id":"https:\/\/www.vis-tourism.com\/hr\/#organization","name":"Turisti\u010dke zajednica grada Visa","url":"https:\/\/www.vis-tourism.com\/hr\/","logo":{"@type":"ImageObject","inLanguage":"hr","@id":"https:\/\/www.vis-tourism.com\/hr\/#\/schema\/logo\/image\/","url":"https:\/\/www.vis-tourism.com\/wp-content\/uploads\/2024\/05\/tz-vis-logotip.png","contentUrl":"https:\/\/www.vis-tourism.com\/wp-content\/uploads\/2024\/05\/tz-vis-logotip.png","width":800,"height":378,"caption":"Turisti\u010dke zajednica grada Visa"},"image":{"@id":"https:\/\/www.vis-tourism.com\/hr\/#\/schema\/logo\/image\/"},"sameAs":["https:\/\/www.facebook.com\/tzgvis\/","https:\/\/www.instagram.com\/tzgvis\/","https:\/\/www.youtube.com\/@VisTourism"]}]}},"_links":{"self":[{"href":"https:\/\/www.vis-tourism.com\/hr\/wp-json\/wp\/v2\/istrazite\/3775","targetHints":{"allow":["GET"]}}],"collection":[{"href":"https:\/\/www.vis-tourism.com\/hr\/wp-json\/wp\/v2\/istrazite"}],"about":[{"href":"https:\/\/www.vis-tourism.com\/hr\/wp-json\/wp\/v2\/types\/istrazite"}],"wp:featuredmedia":[{"embeddable":true,"href":"https:\/\/www.vis-tourism.com\/hr\/wp-json\/wp\/v2\/media\/3776"}],"wp:attachment":[{"href":"https:\/\/www.vis-tourism.com\/hr\/wp-json\/wp\/v2\/media?parent=3775"}],"wp:term":[{"taxonomy":"istrazite-kategorija","embeddable":true,"href":"https:\/\/www.vis-tourism.com\/hr\/wp-json\/wp\/v2\/istrazite-kategorija?post=3775"}],"curies":[{"name":"wp","href":"https:\/\/api.w.org\/{rel}","templated":true}]}}

Palača Radošević

<p>Sagradio ju je hvarski plemić Frane Radošević u XVII st. no, kako svjedoče pojedini dokumenti, članovi obitelji Radošević već od XVI st. imaju svoje posjede u viškom predjelu Luka.</p>



<p>Na pročelju prvog kata palače nalazi se dugi balkon, a nad njime na drugom katu su tri manja.</p>



<p>Svi balkoni su skladno i lijepo izrađeni, ograđeni lijepim kamenim stupićima, a ukrašeni su i s donje strane reljefno isklesanim cvjetnim motivima s leptirima i školjkom.</p>



<p>Na središnjoj ploči balkona je reljefni grb u kojem se propinje lav držeći mač u šapi. U grbu su i početna slova imena graditelja Frane Radoševića.</p>



<p>Na južnom zidu palače nalaze se dva manja balkona istog oblika kao oni na sjevernom.</p>



<p>Palača Radošević spoj je ljetnikovca i gradske palače i svojom arhitekturom iskazuje se kao složeni i vrlo lijep barokni arhitektonski sklop</p>

<!-- This site is optimized with the Yoast SEO plugin v27.4 - https://yoast.com/product/yoast-seo-wordpress/ -->
<title>Palača Radošević - Turistička zajednica grada Visa</title>
<meta name="description" content="Palača Radošević" />
<meta name="robots" content="index, follow, max-snippet:-1, max-image-preview:large, max-video-preview:-1" />
<link rel="canonical" href="https://www.vis-tourism.com/hr/istrazite/palaca-radosevic/" />
<meta property="og:locale" content="hr_HR" />
<meta property="og:type" content="article" />
<meta property="og:title" content="Palača Radošević - Turistička zajednica grada Visa" />
<meta property="og:description" content="Palača Radošević" />
<meta property="og:url" content="https://www.vis-tourism.com/hr/istrazite/palaca-radosevic/" />
<meta property="og:site_name" content="Turistička zajednica grada Visa" />
<meta property="article:publisher" content="https://www.facebook.com/tzgvis/" />
<meta property="article:modified_time" content="2024-10-01T18:20:23+00:00" />
<meta property="og:image" content="https://www.vis-tourism.com/wp-content/uploads/2024/07/Palaca-Radosevic.jpeg" />
	<meta property="og:image:width" content="1280" />
	<meta property="og:image:height" content="851" />
	<meta property="og:image:type" content="image/jpeg" />
<meta name="twitter:card" content="summary_large_image" />
<meta name="twitter:label1" content="Procijenjeno vrijeme čitanja" />
	<meta name="twitter:data1" content="1 minuta" />
<script type="application/ld+json" class="yoast-schema-graph">{"@context":"https:\/\/schema.org","@graph":[{"@type":"WebPage","@id":"https:\/\/www.vis-tourism.com\/hr\/istrazite\/palaca-radosevic\/","url":"https:\/\/www.vis-tourism.com\/hr\/istrazite\/palaca-radosevic\/","name":"Palača Radošević - Turistička zajednica grada Visa","isPartOf":{"@id":"https:\/\/www.vis-tourism.com\/hr\/#website"},"primaryImageOfPage":{"@id":"https:\/\/www.vis-tourism.com\/hr\/istrazite\/palaca-radosevic\/#primaryimage"},"image":{"@id":"https:\/\/www.vis-tourism.com\/hr\/istrazite\/palaca-radosevic\/#primaryimage"},"thumbnailUrl":"https:\/\/www.vis-tourism.com\/wp-content\/uploads\/2024\/07\/Palaca-Radosevic.jpeg","datePublished":"2024-07-19T12:49:19+00:00","dateModified":"2024-10-01T18:20:23+00:00","description":"Palača Radošević","breadcrumb":{"@id":"https:\/\/www.vis-tourism.com\/hr\/istrazite\/palaca-radosevic\/#breadcrumb"},"inLanguage":"hr","potentialAction":[{"@type":"ReadAction","target":["https:\/\/www.vis-tourism.com\/hr\/istrazite\/palaca-radosevic\/"]}]},{"@type":"ImageObject","inLanguage":"hr","@id":"https:\/\/www.vis-tourism.com\/hr\/istrazite\/palaca-radosevic\/#primaryimage","url":"https:\/\/www.vis-tourism.com\/wp-content\/uploads\/2024\/07\/Palaca-Radosevic.jpeg","contentUrl":"https:\/\/www.vis-tourism.com\/wp-content\/uploads\/2024\/07\/Palaca-Radosevic.jpeg","width":1280,"height":851},{"@type":"BreadcrumbList","@id":"https:\/\/www.vis-tourism.com\/hr\/istrazite\/palaca-radosevic\/#breadcrumb","itemListElement":[{"@type":"ListItem","position":1,"name":"Home","item":"https:\/\/www.vis-tourism.com\/hr\/"},{"@type":"ListItem","position":2,"name":"Istražite","item":"https:\/\/www.vis-tourism.com\/hr\/istrazite\/"},{"@type":"ListItem","position":3,"name":"Kulturna baština","item":"https:\/\/www.vis-tourism.com\/hr\/istrazite-kategorija\/kulturna-bastina\/"},{"@type":"ListItem","position":4,"name":"Kuće u Visu","item":"https:\/\/www.vis-tourism.com\/hr\/istrazite-kategorija\/kuce-u-visu\/"},{"@type":"ListItem","position":5,"name":"Palača Radošević"}]},{"@type":"WebSite","@id":"https:\/\/www.vis-tourism.com\/hr\/#website","url":"https:\/\/www.vis-tourism.com\/hr\/","name":"Turistička zajednica grada Visa","description":"Službeni portal Turističke zajednice Grada Visa, sve informacije o hotelima kampovima, privatnom smještaju","publisher":{"@id":"https:\/\/www.vis-tourism.com\/hr\/#organization"},"potentialAction":[{"@type":"SearchAction","target":{"@type":"EntryPoint","urlTemplate":"https:\/\/www.vis-tourism.com\/hr\/?s={search_term_string}"},"query-input":{"@type":"PropertyValueSpecification","valueRequired":true,"valueName":"search_term_string"}}],"inLanguage":"hr"},{"@type":"Organization","@id":"https:\/\/www.vis-tourism.com\/hr\/#organization","name":"Turističke zajednica grada Visa","url":"https:\/\/www.vis-tourism.com\/hr\/","logo":{"@type":"ImageObject","inLanguage":"hr","@id":"https:\/\/www.vis-tourism.com\/hr\/#\/schema\/logo\/image\/","url":"https:\/\/www.vis-tourism.com\/wp-content\/uploads\/2024\/05\/tz-vis-logotip.png","contentUrl":"https:\/\/www.vis-tourism.com\/wp-content\/uploads\/2024\/05\/tz-vis-logotip.png","width":800,"height":378,"caption":"Turističke zajednica grada Visa"},"image":{"@id":"https:\/\/www.vis-tourism.com\/hr\/#\/schema\/logo\/image\/"},"sameAs":["https:\/\/www.facebook.com\/tzgvis\/","https:\/\/www.instagram.com\/tzgvis\/","https:\/\/www.youtube.com\/@VisTourism"]}]}</script>
<!-- / Yoast SEO plugin. -->

Palača Radošević - Turistička zajednica grada Visa

Turistička zajednica grada Visa

Istražite

Kulturna baština

Kuće u Visu

Službeni portal Turističke zajednice Grada Visa, sve informacije o hotelima kampovima, privatnom smještaju

Turističke zajednica grada Visa
