{"id":3795,"date":"2024-07-19T12:49:21","date_gmt":"2024-07-19T12:49:21","guid":{"rendered":"https:\/\/www.vis-tourism.com\/istrazite\/goticka-kuca-na-predjelu-luka\/"},"modified":"2024-10-01T18:15:35","modified_gmt":"2024-10-01T18:15:35","slug":"goticka-kuca-na-predjelu-luka","status":"publish","type":"istrazite","link":"https:\/\/www.vis-tourism.com\/hr\/istrazite\/goticka-kuca-na-predjelu-luka\/","title":{"rendered":"Goti\u010dka ku\u0107a na predjelu Luka"},"content":{"rendered":"\n<p>Kamena katnica s potkrovljem izgra\u0111ena u glavnoj ulici Luke prema na\u010dinu gradnje i stilskim karakteristikama mo\u017ee se datirati u 15. stolje\u0107e i do\u010darava ambijent najstarijih vi\u0161kih naselja.<\/p>\n\n\n\n<p>Na uli\u010dnom pro\u010delju ima du\u0107anska vrata na koljeno nad kojima je plo\u010da s grbom na kojemu je u sredini romboidnog \u0161tita palma okru\u017eena s \u010detiri slova VP ZI, &nbsp;a na zapadnom zidu vrata s polukru\u017enim lukom te na katu prozor neprofiliranog goti\u010dkog okvira.<\/p>\n","protected":false},"featured_media":3796,"template":"","istrazite-kategorija":[92],"class_list":["post-3795","istrazite","type-istrazite","status-publish","has-post-thumbnail","hentry","istrazite-kategorija-kuce-u-visu"],"yoast_head":"<!-- This site is optimized with the Yoast SEO plugin v27.4 - https:\/\/yoast.com\/product\/yoast-seo-wordpress\/ -->\n<title>Goti\u010dka ku\u0107a na predjelu Luka - Turisti\u010dka zajednica grada Visa<\/title>\n<meta name=\"description\" content=\"Goti\u010dka ku\u0107a na predjelu Luka\" \/>\n<meta name=\"robots\" content=\"index, follow, max-snippet:-1, max-image-preview:large, max-video-preview:-1\" \/>\n<link rel=\"canonical\" href=\"https:\/\/www.vis-tourism.com\/hr\/istrazite\/goticka-kuca-na-predjelu-luka\/\" \/>\n<meta property=\"og:locale\" content=\"hr_HR\" \/>\n<meta property=\"og:type\" content=\"article\" \/>\n<meta property=\"og:title\" content=\"Goti\u010dka ku\u0107a na predjelu Luka - Turisti\u010dka zajednica grada Visa\" \/>\n<meta property=\"og:description\" content=\"Goti\u010dka ku\u0107a na predjelu Luka\" \/>\n<meta property=\"og:url\" content=\"https:\/\/www.vis-tourism.com\/hr\/istrazite\/goticka-kuca-na-predjelu-luka\/\" \/>\n<meta property=\"og:site_name\" content=\"Turisti\u010dka zajednica grada Visa\" \/>\n<meta property=\"article:publisher\" content=\"https:\/\/www.facebook.com\/tzgvis\/\" \/>\n<meta property=\"article:modified_time\" content=\"2024-10-01T18:15:35+00:00\" \/>\n<meta property=\"og:image\" content=\"https:\/\/www.vis-tourism.com\/wp-content\/uploads\/2024\/07\/GOTICKA-KUCA.jpeg\" \/>\n\t<meta property=\"og:image:width\" content=\"1280\" \/>\n\t<meta property=\"og:image:height\" content=\"851\" \/>\n\t<meta property=\"og:image:type\" content=\"image\/jpeg\" \/>\n<meta name=\"twitter:card\" content=\"summary_large_image\" \/>\n<meta name=\"twitter:label1\" content=\"Procijenjeno vrijeme \u010ditanja\" \/>\n\t<meta name=\"twitter:data1\" content=\"1 minuta\" \/>\n<script type=\"application\/ld+json\" class=\"yoast-schema-graph\">{\"@context\":\"https:\\\/\\\/schema.org\",\"@graph\":[{\"@type\":\"WebPage\",\"@id\":\"https:\\\/\\\/www.vis-tourism.com\\\/hr\\\/istrazite\\\/goticka-kuca-na-predjelu-luka\\\/\",\"url\":\"https:\\\/\\\/www.vis-tourism.com\\\/hr\\\/istrazite\\\/goticka-kuca-na-predjelu-luka\\\/\",\"name\":\"Goti\u010dka ku\u0107a na predjelu Luka - Turisti\u010dka zajednica grada Visa\",\"isPartOf\":{\"@id\":\"https:\\\/\\\/www.vis-tourism.com\\\/hr\\\/#website\"},\"primaryImageOfPage\":{\"@id\":\"https:\\\/\\\/www.vis-tourism.com\\\/hr\\\/istrazite\\\/goticka-kuca-na-predjelu-luka\\\/#primaryimage\"},\"image\":{\"@id\":\"https:\\\/\\\/www.vis-tourism.com\\\/hr\\\/istrazite\\\/goticka-kuca-na-predjelu-luka\\\/#primaryimage\"},\"thumbnailUrl\":\"https:\\\/\\\/www.vis-tourism.com\\\/wp-content\\\/uploads\\\/2024\\\/07\\\/GOTICKA-KUCA.jpeg\",\"datePublished\":\"2024-07-19T12:49:21+00:00\",\"dateModified\":\"2024-10-01T18:15:35+00:00\",\"description\":\"Goti\u010dka ku\u0107a na predjelu Luka\",\"breadcrumb\":{\"@id\":\"https:\\\/\\\/www.vis-tourism.com\\\/hr\\\/istrazite\\\/goticka-kuca-na-predjelu-luka\\\/#breadcrumb\"},\"inLanguage\":\"hr\",\"potentialAction\":[{\"@type\":\"ReadAction\",\"target\":[\"https:\\\/\\\/www.vis-tourism.com\\\/hr\\\/istrazite\\\/goticka-kuca-na-predjelu-luka\\\/\"]}]},{\"@type\":\"ImageObject\",\"inLanguage\":\"hr\",\"@id\":\"https:\\\/\\\/www.vis-tourism.com\\\/hr\\\/istrazite\\\/goticka-kuca-na-predjelu-luka\\\/#primaryimage\",\"url\":\"https:\\\/\\\/www.vis-tourism.com\\\/wp-content\\\/uploads\\\/2024\\\/07\\\/GOTICKA-KUCA.jpeg\",\"contentUrl\":\"https:\\\/\\\/www.vis-tourism.com\\\/wp-content\\\/uploads\\\/2024\\\/07\\\/GOTICKA-KUCA.jpeg\",\"width\":1280,\"height\":851},{\"@type\":\"BreadcrumbList\",\"@id\":\"https:\\\/\\\/www.vis-tourism.com\\\/hr\\\/istrazite\\\/goticka-kuca-na-predjelu-luka\\\/#breadcrumb\",\"itemListElement\":[{\"@type\":\"ListItem\",\"position\":1,\"name\":\"Home\",\"item\":\"https:\\\/\\\/www.vis-tourism.com\\\/hr\\\/\"},{\"@type\":\"ListItem\",\"position\":2,\"name\":\"Istra\u017eite\",\"item\":\"https:\\\/\\\/www.vis-tourism.com\\\/hr\\\/istrazite\\\/\"},{\"@type\":\"ListItem\",\"position\":3,\"name\":\"Kulturna ba\u0161tina\",\"item\":\"https:\\\/\\\/www.vis-tourism.com\\\/hr\\\/istrazite-kategorija\\\/kulturna-bastina\\\/\"},{\"@type\":\"ListItem\",\"position\":4,\"name\":\"Ku\u0107e u Visu\",\"item\":\"https:\\\/\\\/www.vis-tourism.com\\\/hr\\\/istrazite-kategorija\\\/kuce-u-visu\\\/\"},{\"@type\":\"ListItem\",\"position\":5,\"name\":\"Goti\u010dka ku\u0107a na predjelu Luka\"}]},{\"@type\":\"WebSite\",\"@id\":\"https:\\\/\\\/www.vis-tourism.com\\\/hr\\\/#website\",\"url\":\"https:\\\/\\\/www.vis-tourism.com\\\/hr\\\/\",\"name\":\"Turisti\u010dka zajednica grada Visa\",\"description\":\"Slu\u017ebeni portal Turisti\u010dke zajednice Grada Visa, sve informacije o hotelima kampovima, privatnom smje\u0161taju\",\"publisher\":{\"@id\":\"https:\\\/\\\/www.vis-tourism.com\\\/hr\\\/#organization\"},\"potentialAction\":[{\"@type\":\"SearchAction\",\"target\":{\"@type\":\"EntryPoint\",\"urlTemplate\":\"https:\\\/\\\/www.vis-tourism.com\\\/hr\\\/?s={search_term_string}\"},\"query-input\":{\"@type\":\"PropertyValueSpecification\",\"valueRequired\":true,\"valueName\":\"search_term_string\"}}],\"inLanguage\":\"hr\"},{\"@type\":\"Organization\",\"@id\":\"https:\\\/\\\/www.vis-tourism.com\\\/hr\\\/#organization\",\"name\":\"Turisti\u010dke zajednica grada Visa\",\"url\":\"https:\\\/\\\/www.vis-tourism.com\\\/hr\\\/\",\"logo\":{\"@type\":\"ImageObject\",\"inLanguage\":\"hr\",\"@id\":\"https:\\\/\\\/www.vis-tourism.com\\\/hr\\\/#\\\/schema\\\/logo\\\/image\\\/\",\"url\":\"https:\\\/\\\/www.vis-tourism.com\\\/wp-content\\\/uploads\\\/2024\\\/05\\\/tz-vis-logotip.png\",\"contentUrl\":\"https:\\\/\\\/www.vis-tourism.com\\\/wp-content\\\/uploads\\\/2024\\\/05\\\/tz-vis-logotip.png\",\"width\":800,\"height\":378,\"caption\":\"Turisti\u010dke zajednica grada Visa\"},\"image\":{\"@id\":\"https:\\\/\\\/www.vis-tourism.com\\\/hr\\\/#\\\/schema\\\/logo\\\/image\\\/\"},\"sameAs\":[\"https:\\\/\\\/www.facebook.com\\\/tzgvis\\\/\",\"https:\\\/\\\/www.instagram.com\\\/tzgvis\\\/\",\"https:\\\/\\\/www.youtube.com\\\/@VisTourism\"]}]}<\/script>\n<!-- \/ Yoast SEO plugin. -->","yoast_head_json":{"title":"Goti\u010dka ku\u0107a na predjelu Luka - Turisti\u010dka zajednica grada Visa","description":"Goti\u010dka ku\u0107a na predjelu Luka","robots":{"index":"index","follow":"follow","max-snippet":"max-snippet:-1","max-image-preview":"max-image-preview:large","max-video-preview":"max-video-preview:-1"},"canonical":"https:\/\/www.vis-tourism.com\/hr\/istrazite\/goticka-kuca-na-predjelu-luka\/","og_locale":"hr_HR","og_type":"article","og_title":"Goti\u010dka ku\u0107a na predjelu Luka - Turisti\u010dka zajednica grada Visa","og_description":"Goti\u010dka ku\u0107a na predjelu Luka","og_url":"https:\/\/www.vis-tourism.com\/hr\/istrazite\/goticka-kuca-na-predjelu-luka\/","og_site_name":"Turisti\u010dka zajednica grada Visa","article_publisher":"https:\/\/www.facebook.com\/tzgvis\/","article_modified_time":"2024-10-01T18:15:35+00:00","og_image":[{"width":1280,"height":851,"url":"https:\/\/www.vis-tourism.com\/wp-content\/uploads\/2024\/07\/GOTICKA-KUCA.jpeg","type":"image\/jpeg"}],"twitter_card":"summary_large_image","twitter_misc":{"Procijenjeno vrijeme \u010ditanja":"1 minuta"},"schema":{"@context":"https:\/\/schema.org","@graph":[{"@type":"WebPage","@id":"https:\/\/www.vis-tourism.com\/hr\/istrazite\/goticka-kuca-na-predjelu-luka\/","url":"https:\/\/www.vis-tourism.com\/hr\/istrazite\/goticka-kuca-na-predjelu-luka\/","name":"Goti\u010dka ku\u0107a na predjelu Luka - Turisti\u010dka zajednica grada Visa","isPartOf":{"@id":"https:\/\/www.vis-tourism.com\/hr\/#website"},"primaryImageOfPage":{"@id":"https:\/\/www.vis-tourism.com\/hr\/istrazite\/goticka-kuca-na-predjelu-luka\/#primaryimage"},"image":{"@id":"https:\/\/www.vis-tourism.com\/hr\/istrazite\/goticka-kuca-na-predjelu-luka\/#primaryimage"},"thumbnailUrl":"https:\/\/www.vis-tourism.com\/wp-content\/uploads\/2024\/07\/GOTICKA-KUCA.jpeg","datePublished":"2024-07-19T12:49:21+00:00","dateModified":"2024-10-01T18:15:35+00:00","description":"Goti\u010dka ku\u0107a na predjelu Luka","breadcrumb":{"@id":"https:\/\/www.vis-tourism.com\/hr\/istrazite\/goticka-kuca-na-predjelu-luka\/#breadcrumb"},"inLanguage":"hr","potentialAction":[{"@type":"ReadAction","target":["https:\/\/www.vis-tourism.com\/hr\/istrazite\/goticka-kuca-na-predjelu-luka\/"]}]},{"@type":"ImageObject","inLanguage":"hr","@id":"https:\/\/www.vis-tourism.com\/hr\/istrazite\/goticka-kuca-na-predjelu-luka\/#primaryimage","url":"https:\/\/www.vis-tourism.com\/wp-content\/uploads\/2024\/07\/GOTICKA-KUCA.jpeg","contentUrl":"https:\/\/www.vis-tourism.com\/wp-content\/uploads\/2024\/07\/GOTICKA-KUCA.jpeg","width":1280,"height":851},{"@type":"BreadcrumbList","@id":"https:\/\/www.vis-tourism.com\/hr\/istrazite\/goticka-kuca-na-predjelu-luka\/#breadcrumb","itemListElement":[{"@type":"ListItem","position":1,"name":"Home","item":"https:\/\/www.vis-tourism.com\/hr\/"},{"@type":"ListItem","position":2,"name":"Istra\u017eite","item":"https:\/\/www.vis-tourism.com\/hr\/istrazite\/"},{"@type":"ListItem","position":3,"name":"Kulturna ba\u0161tina","item":"https:\/\/www.vis-tourism.com\/hr\/istrazite-kategorija\/kulturna-bastina\/"},{"@type":"ListItem","position":4,"name":"Ku\u0107e u Visu","item":"https:\/\/www.vis-tourism.com\/hr\/istrazite-kategorija\/kuce-u-visu\/"},{"@type":"ListItem","position":5,"name":"Goti\u010dka ku\u0107a na predjelu Luka"}]},{"@type":"WebSite","@id":"https:\/\/www.vis-tourism.com\/hr\/#website","url":"https:\/\/www.vis-tourism.com\/hr\/","name":"Turisti\u010dka zajednica grada Visa","description":"Slu\u017ebeni portal Turisti\u010dke zajednice Grada Visa, sve informacije o hotelima kampovima, privatnom smje\u0161taju","publisher":{"@id":"https:\/\/www.vis-tourism.com\/hr\/#organization"},"potentialAction":[{"@type":"SearchAction","target":{"@type":"EntryPoint","urlTemplate":"https:\/\/www.vis-tourism.com\/hr\/?s={search_term_string}"},"query-input":{"@type":"PropertyValueSpecification","valueRequired":true,"valueName":"search_term_string"}}],"inLanguage":"hr"},{"@type":"Organization","@id":"https:\/\/www.vis-tourism.com\/hr\/#organization","name":"Turisti\u010dke zajednica grada Visa","url":"https:\/\/www.vis-tourism.com\/hr\/","logo":{"@type":"ImageObject","inLanguage":"hr","@id":"https:\/\/www.vis-tourism.com\/hr\/#\/schema\/logo\/image\/","url":"https:\/\/www.vis-tourism.com\/wp-content\/uploads\/2024\/05\/tz-vis-logotip.png","contentUrl":"https:\/\/www.vis-tourism.com\/wp-content\/uploads\/2024\/05\/tz-vis-logotip.png","width":800,"height":378,"caption":"Turisti\u010dke zajednica grada Visa"},"image":{"@id":"https:\/\/www.vis-tourism.com\/hr\/#\/schema\/logo\/image\/"},"sameAs":["https:\/\/www.facebook.com\/tzgvis\/","https:\/\/www.instagram.com\/tzgvis\/","https:\/\/www.youtube.com\/@VisTourism"]}]}},"_links":{"self":[{"href":"https:\/\/www.vis-tourism.com\/hr\/wp-json\/wp\/v2\/istrazite\/3795","targetHints":{"allow":["GET"]}}],"collection":[{"href":"https:\/\/www.vis-tourism.com\/hr\/wp-json\/wp\/v2\/istrazite"}],"about":[{"href":"https:\/\/www.vis-tourism.com\/hr\/wp-json\/wp\/v2\/types\/istrazite"}],"wp:featuredmedia":[{"embeddable":true,"href":"https:\/\/www.vis-tourism.com\/hr\/wp-json\/wp\/v2\/media\/3796"}],"wp:attachment":[{"href":"https:\/\/www.vis-tourism.com\/hr\/wp-json\/wp\/v2\/media?parent=3795"}],"wp:term":[{"taxonomy":"istrazite-kategorija","embeddable":true,"href":"https:\/\/www.vis-tourism.com\/hr\/wp-json\/wp\/v2\/istrazite-kategorija?post=3795"}],"curies":[{"name":"wp","href":"https:\/\/api.w.org\/{rel}","templated":true}]}}

Gotička kuća na predjelu Luka

<p>Kamena katnica s potkrovljem izgrađena u glavnoj ulici Luke prema načinu gradnje i stilskim karakteristikama može se datirati u 15. stoljeće i dočarava ambijent najstarijih viških naselja.</p>



<p>Na uličnom pročelju ima dućanska vrata na koljeno nad kojima je ploča s grbom na kojemu je u sredini romboidnog štita palma okružena s četiri slova VP ZI, &nbsp;a na zapadnom zidu vrata s polukružnim lukom te na katu prozor neprofiliranog gotičkog okvira.</p>

<!-- This site is optimized with the Yoast SEO plugin v27.4 - https://yoast.com/product/yoast-seo-wordpress/ -->
<title>Gotička kuća na predjelu Luka - Turistička zajednica grada Visa</title>
<meta name="description" content="Gotička kuća na predjelu Luka" />
<meta name="robots" content="index, follow, max-snippet:-1, max-image-preview:large, max-video-preview:-1" />
<link rel="canonical" href="https://www.vis-tourism.com/hr/istrazite/goticka-kuca-na-predjelu-luka/" />
<meta property="og:locale" content="hr_HR" />
<meta property="og:type" content="article" />
<meta property="og:title" content="Gotička kuća na predjelu Luka - Turistička zajednica grada Visa" />
<meta property="og:description" content="Gotička kuća na predjelu Luka" />
<meta property="og:url" content="https://www.vis-tourism.com/hr/istrazite/goticka-kuca-na-predjelu-luka/" />
<meta property="og:site_name" content="Turistička zajednica grada Visa" />
<meta property="article:publisher" content="https://www.facebook.com/tzgvis/" />
<meta property="article:modified_time" content="2024-10-01T18:15:35+00:00" />
<meta property="og:image" content="https://www.vis-tourism.com/wp-content/uploads/2024/07/GOTICKA-KUCA.jpeg" />
	<meta property="og:image:width" content="1280" />
	<meta property="og:image:height" content="851" />
	<meta property="og:image:type" content="image/jpeg" />
<meta name="twitter:card" content="summary_large_image" />
<meta name="twitter:label1" content="Procijenjeno vrijeme čitanja" />
	<meta name="twitter:data1" content="1 minuta" />
<script type="application/ld+json" class="yoast-schema-graph">{"@context":"https:\/\/schema.org","@graph":[{"@type":"WebPage","@id":"https:\/\/www.vis-tourism.com\/hr\/istrazite\/goticka-kuca-na-predjelu-luka\/","url":"https:\/\/www.vis-tourism.com\/hr\/istrazite\/goticka-kuca-na-predjelu-luka\/","name":"Gotička kuća na predjelu Luka - Turistička zajednica grada Visa","isPartOf":{"@id":"https:\/\/www.vis-tourism.com\/hr\/#website"},"primaryImageOfPage":{"@id":"https:\/\/www.vis-tourism.com\/hr\/istrazite\/goticka-kuca-na-predjelu-luka\/#primaryimage"},"image":{"@id":"https:\/\/www.vis-tourism.com\/hr\/istrazite\/goticka-kuca-na-predjelu-luka\/#primaryimage"},"thumbnailUrl":"https:\/\/www.vis-tourism.com\/wp-content\/uploads\/2024\/07\/GOTICKA-KUCA.jpeg","datePublished":"2024-07-19T12:49:21+00:00","dateModified":"2024-10-01T18:15:35+00:00","description":"Gotička kuća na predjelu Luka","breadcrumb":{"@id":"https:\/\/www.vis-tourism.com\/hr\/istrazite\/goticka-kuca-na-predjelu-luka\/#breadcrumb"},"inLanguage":"hr","potentialAction":[{"@type":"ReadAction","target":["https:\/\/www.vis-tourism.com\/hr\/istrazite\/goticka-kuca-na-predjelu-luka\/"]}]},{"@type":"ImageObject","inLanguage":"hr","@id":"https:\/\/www.vis-tourism.com\/hr\/istrazite\/goticka-kuca-na-predjelu-luka\/#primaryimage","url":"https:\/\/www.vis-tourism.com\/wp-content\/uploads\/2024\/07\/GOTICKA-KUCA.jpeg","contentUrl":"https:\/\/www.vis-tourism.com\/wp-content\/uploads\/2024\/07\/GOTICKA-KUCA.jpeg","width":1280,"height":851},{"@type":"BreadcrumbList","@id":"https:\/\/www.vis-tourism.com\/hr\/istrazite\/goticka-kuca-na-predjelu-luka\/#breadcrumb","itemListElement":[{"@type":"ListItem","position":1,"name":"Home","item":"https:\/\/www.vis-tourism.com\/hr\/"},{"@type":"ListItem","position":2,"name":"Istražite","item":"https:\/\/www.vis-tourism.com\/hr\/istrazite\/"},{"@type":"ListItem","position":3,"name":"Kulturna baština","item":"https:\/\/www.vis-tourism.com\/hr\/istrazite-kategorija\/kulturna-bastina\/"},{"@type":"ListItem","position":4,"name":"Kuće u Visu","item":"https:\/\/www.vis-tourism.com\/hr\/istrazite-kategorija\/kuce-u-visu\/"},{"@type":"ListItem","position":5,"name":"Gotička kuća na predjelu Luka"}]},{"@type":"WebSite","@id":"https:\/\/www.vis-tourism.com\/hr\/#website","url":"https:\/\/www.vis-tourism.com\/hr\/","name":"Turistička zajednica grada Visa","description":"Službeni portal Turističke zajednice Grada Visa, sve informacije o hotelima kampovima, privatnom smještaju","publisher":{"@id":"https:\/\/www.vis-tourism.com\/hr\/#organization"},"potentialAction":[{"@type":"SearchAction","target":{"@type":"EntryPoint","urlTemplate":"https:\/\/www.vis-tourism.com\/hr\/?s={search_term_string}"},"query-input":{"@type":"PropertyValueSpecification","valueRequired":true,"valueName":"search_term_string"}}],"inLanguage":"hr"},{"@type":"Organization","@id":"https:\/\/www.vis-tourism.com\/hr\/#organization","name":"Turističke zajednica grada Visa","url":"https:\/\/www.vis-tourism.com\/hr\/","logo":{"@type":"ImageObject","inLanguage":"hr","@id":"https:\/\/www.vis-tourism.com\/hr\/#\/schema\/logo\/image\/","url":"https:\/\/www.vis-tourism.com\/wp-content\/uploads\/2024\/05\/tz-vis-logotip.png","contentUrl":"https:\/\/www.vis-tourism.com\/wp-content\/uploads\/2024\/05\/tz-vis-logotip.png","width":800,"height":378,"caption":"Turističke zajednica grada Visa"},"image":{"@id":"https:\/\/www.vis-tourism.com\/hr\/#\/schema\/logo\/image\/"},"sameAs":["https:\/\/www.facebook.com\/tzgvis\/","https:\/\/www.instagram.com\/tzgvis\/","https:\/\/www.youtube.com\/@VisTourism"]}]}</script>
<!-- / Yoast SEO plugin. -->

Gotička kuća na predjelu Luka - Turistička zajednica grada Visa

Turistička zajednica grada Visa

Istražite

Kulturna baština

Kuće u Visu

Službeni portal Turističke zajednice Grada Visa, sve informacije o hotelima kampovima, privatnom smještaju

Turističke zajednica grada Visa
